 be k(4). Let y(z) = -z**2 + 8*z + 4. Let t(s) = a*y(s) + 7*c(s). What is the units digit of t(9)?
5
Let f(n) = 2*n**2 + 5*n + 1. Let s be f(-4). Suppose -w + s = 33. What is the units digit of (-2)/(-6) + w/(-3)?
7
Let i = -9 - -10. What is the tens digit of (21 - 6) + (i - 0)?
1
Let s(c) = 24*c**2 - c + 1. What is the units digit of s(1)?
4
Let l = 6 - -21. What is the tens digit of l?
2
Let g(y) = 2*y**2 + 8*y + 8. Let l be g(-6). Suppose l = -0*b + 4*b. What is the units digit of b?
8
Let s = 2 - 38. Let z = -50 - s. What is the units digit of (z/6 + 0)*-3?
7
Suppose -85 = -6*k + k. What is the units digit of k?
7
Let m(p) = 7*p + 2. Let a be m(4). Suppose -10 = 2*v, v - a = 5*w + 4*v. What is the units digit of -39*((-1)/w)/(-1)?
3
Let a(b) = b**3 + b**2 + b + 2. What is the tens digit of a(3)?
4
Let y(n) = -n**3 + 7*n**2 + 15*n + 7. What is the tens digit of y(8)?
6
Let x(y) = y**2 + 6*y + 2. Let l be x(-4). Let m(v) = v**2 + 4*v - 4. Let t be m(l). Suppose r - 11 = t. What is the tens digit of r?
1
Suppose 6*n - 11*n = -145. Suppose 2 = o - n. What is the units digit of o?
1
What is the tens digit of (13 + 0)*-5*40/(-25)?
0
Let y(c) be the third derivative of c**5/60 - 3*c**4/8 + 4*c**3/3 + 2*c**2. What is the units digit of y(9)?
8
Let b = 14 - -76. What is the units digit of b?
0
What is the hundreds digit of (10/4)/((-322)/324 - -1)?
4
Suppose 0 = -6*c + 4*c + 4. What is the units digit of (6/(-5))/(c/(-5))?
3
Suppose -5*x + 0 - 2 = 2*d, d = x + 13. Let o(f) = -f**3 + 10*f**2 - 9*f + 5. What is the units digit of o(d)?
5
Let t = -1 - -5. Let x = t + -8. What is the units digit of ((-72)/(-27))/(x/(-6))?
4
Let b be 2/((-11)/4 - -3). What is the units digit of (-4)/b*(-1 + -1)?
1
Suppose -4*u + 18 = -3*u. Let k be (-2)/10 + u/15. What is the units digit of (-5)/(k + 3/(-2))?
0
Let d(n) = -n + 2. Suppose 12 = -3*y + s, 4*y + 14 = -3*s + 5*s. What is the units digit of d(y)?
7
Let p(m) = -m**2 + m. Let r be p(0). Suppose j - 2 = -r*j. Suppose j*z - z + u = 4, -z + 4*u + 19 = 0. What is the units digit of z?
7
Suppose -2*d + y + 20 = 0, -d + 2*y = -0 - 4. What is the units digit of d?
2
Let s(k) = -k**3 + 6*k**2 + 18*k - 5. What is the tens digit of s(8)?
1
Let z = -12 - -30. Suppose 0 = 2*c - w - 46, c - 5 = 4*w + z. What is the tens digit of c?
2
Let o(n) = -n + 4*n**2 - 4*n**2 + 2 + n**2. What is the tens digit of o(4)?
1
Suppose 0*o + 2*o - 4*u - 490 = 0, 5*u - 499 = -2*o. What is the tens digit of o?
4
Let b(g) = -g**2 + 0*g**3 - 2*g**3 + 3*g**3 - 1 - 3*g. Let l = 10 - 7. What is the units digit of b(l)?
8
Let a(f) = -f**3 - f**2 + 17. Let r be (-5 - -2 - 0) + 3. What is the units digit of a(r)?
7
Suppose -3*l - 2*o = o - 45, -l + 19 = 2*o. Let k(y) = y - 4. What is the units digit of k(l)?
7
Let c(o) = 3*o**3 - o**2 - o - 1. Suppose 1 = r - 1. What is the units digit of c(r)?
7
Let n(h) = 2*h**2 + 5*h - 6. Let p be n(-6). Suppose -p = -4*i - 0*c - 4*c, 2*i - 18 = 3*c. What is the units digit of i?
9
Let x(h) = -29*h + 14. What is the units digit of x(-14)?
0
What is the units digit of 3 - 4 - 1*-188?
7
Let t(n) = n**2 - 2*n - 2. Let h(u) = u**2 - 5*u + 4. Let s be 8/20 - (-26)/10. Let p be h(s). What is the units digit of t(p)?
6
Suppose 7*n - 6*n + 2 = 2*g, 2*n = -g - 9. Let m be 1/((1/3)/1). Let q = g + m. What is the units digit of q?
2
Let o(x) = x**3 - 8*x**2 - 8*x - 3. Let f be o(9). What is the units digit of f/(-4)*2*-1?
3
Let b = 38 - 8. What is the tens digit of b?
3
Suppose -2*u + 6*u - 16 = 0. Let d = 78 - 45. Suppose d - 13 = u*m. What is the units digit of m?
5
Let n = 223 - 107. What is the units digit of n?
6
Suppose 6*k - 45 = 123. What is the units digit of k?
8
Let w(y) = 7*y + 1. Let o be w(6). Let f = o - 29. What is the tens digit of f?
1
Let q(x) = x - 8. Let r(l) = -4*l + 33. Let s(p) = -9*q(p) - 2*r(p). What is the units digit of s(5)?
1
Let k(x) = -x**3 + 2*x**2 - 10*x - 7. Let o(a) = -2*a**2 - a**3 - 8 + 0*a**2 + 3*a**2 - 11*a. Let p(m) = -5*k(m) + 4*o(m). What is the units digit of p(5)?
8
Suppose 0 = 6*w - w. Suppose -3*c - c + 2*u + 60 = w, c - 15 = 2*u. What is the units digit of c?
5
Let r = 104 + -41. Let y = -26 + r. What is the tens digit of y?
3
Let q be 3 + -2 - (-1 - 124). Let r = 185 - q. What is the tens digit of r?
5
Let k(j) = -j**3 + 23*j**2 - 33*j - 27. What is the units digit of k(21)?
2
Suppose -1 = g + 2. Let n = g - -18. What is the tens digit of n?
1
Let u(x) = -x - 5. Let l be u(-6). Suppose n - l = -0. What is the units digit of (n - -2)/(-3) - -2?
1
Let w be (1 + 1/(-2))*0. Suppose -2*f - 24 = -3*y - 74, w = -5*f + 20. What is the units digit of 4/y + 642/42?
5
Let q = -14 + 29. What is the tens digit of q?
1
Let k(g) = g**3 - 3*g**2 - 6*g + 1. Suppose 3*s + 0*s = 15. Let t be k(s). Suppose -5*f - 3*a = -17, -5*f + 3*a = 7*a - t. What is the units digit of f?
1
Suppose 3*n - 6*n + 909 = 0. What is the tens digit of n?
0
Suppose 0 = 5*b - 120. Let w = 17 + b. What is the units digit of w?
1
Suppose -2*f - 2*g - 4 = 0, f + 2 = -3*f - g. Let s(n) = n**3 + n**2 - 2. Let p be s(f). Let l(h) = -3*h - 1. What is the units digit of l(p)?
5
Let z(k) = -k**3 - 14*k**2 - 6*k - 24. What is the tens digit of z(-14)?
6
Let i = 26 - -45. Suppose -2*r + 32 = 2*w, -2*r + i = 2*r - 3*w. What is the units digit of r?
7
Suppose -u - 3*q + 21 = u, -15 = -5*q. Suppose c + 95 = u*c. Suppose 5*w - c = 16. What is the units digit of w?
7
Let c = -5 - -120. What is the units digit of c?
5
Let i = 7 + -14. What is the units digit of (-68)/i + (-8)/(-28)?
0
Suppose 2*h = -h - 15. What is the units digit of ((-7)/(-2))/(h/(-30))?
1
Let p be ((-4)/6)/(-1)*6. Suppose 20 = p*r + r. What is the units digit of 14/8 + 1/r?
2
Suppose 3*u = -c - 4*c + 13, 2*c - 4*u = 0. Suppose c*k + 3 = w + 2, 3*w - 8 = 5*k. What is the tens digit of w?
1
Suppose 4*h - 5*h - r + 78 = 0, -5*r - 370 = -5*h. What is the tens digit of h?
7
Let s be (-1 + 0)/1 + -7. Let x(a) = a**2 + 7*a - 4. Let y be x(s). Suppose 16 + 12 = y*k. What is the units digit of k?
7
Suppose 3*r = -2*r + 15. Suppose -55 = 2*k - r*k. Suppose 5*s = -p + k, 3*s - p - 7 = 26. What is the tens digit of s?
1
Suppose 3*k - 36 = k. Suppose 4*u - 22 - k = 0. What is the tens digit of u?
1
Suppose 0 = -5*l + 3*l + 6. What is the units digit of l?
3
Let i = 18 + -13. What is the units digit of i?
5
Suppose -109*a - 1068 = -112*a. What is the tens digit of a?
5
Let z be (1/(-2))/((-5)/(-10)). Let g be (-6)/3*-5 - z. Suppose 3*t - 4 = g. What is the units digit of t?
5
Suppose 2*i - 4 = 4. Suppose -7 = 2*g + 5*r, i*g = 5*r - r + 28. What is the units digit of g?
4
Let t(y) = y**3 + 13*y**2 + 17*y - 1. What is the units digit of t(-9)?
0
Suppose 0 = -3*m + 9, -5*l - m + 11 = -4*m. Let u = -1 + l. Suppose v + 3*j + 4 = 8, 0 = -4*v + u*j + 1. What is the units digit of v?
1
Suppose -3*k + 3*m + 52 + 14 = 0, -42 = -k + 5*m. What is the tens digit of k?
1
Suppose 163 = 4*a + 55. What is the tens digit of a?
2
Let z(n) = -n**3 - 3*n**2 + 2*n. Let f be z(-4). Let s be f/(2/(-1) - -1). Let h = 16 + s. What is the units digit of h?
8
Let x = 359 + -204. Suppose -f - 4*f = -x. What is the tens digit of f?
3
What is the tens digit of ((-266)/8)/(9/(-72))?
6
Let s = -4 + 4. Suppose 4*f - 3 - 21 = s. Let w(x) = 2*x - 4. What is the units digit of w(f)?
8
Let j = 18 - 13. Suppose m + 3*m = 2*q + 26, 2*q + 32 = j*m. What is the units digit of m?
6
Suppose -2*k + 45 = k. Let r be 6/k - (-356)/10. Suppose 2*f = -f + r. What is the units digit of f?
2
Let k be (135/(-12))/3*-4. Let j be (2 - 0)/(10/k). Suppose 0 = c + c + j*b - 18, 10 = 2*c - b. What is the units digit of c?
6
Let l(m) = -3*m**3 + m**2 + m. Let u be l(-1). Suppose -u*o = -2*o - 11. Suppose 3*q = -c + q + o, -4*c - 2*q + 38 = 0. What is the units digit of c?
9
Let x = -35 - -58. Let l = -40 + x. Let n = 24 + l. What is the units digit of n?
7
Let z = 88 + -3. What is the tens digit of z?
8
Suppose -338 = -12*z + 10*z. What is the tens digit of z?
6
Let p(v) = v**2 + 4*v**2 + 7 - 4 + 12*v - 4*v**2. Let t(x) = 2*x**2 + 18*x + 5. Let r(w) = -8*p(w) + 5*t(w). What is the tens digit of r(5)?
2
Let w = -15 - -29. What is the tens digit of w?
1
Suppose -2*w + 44 = 2*y, 5*y + w - 112 = -2*w. What is the units digit of y?
3
Let q